{"id":2307,"date":"2021-03-25T15:18:49","date_gmt":"2021-03-25T15:18:49","guid":{"rendered":"http:\/\/palmascriativa.com\/?post_type=product&#038;p=2307"},"modified":"2026-03-12T12:36:41","modified_gmt":"2026-03-12T12:36:41","slug":"cartoes-de-visita-verniz-localizado","status":"publish","type":"product","link":"https:\/\/palmascriativa.com\/?product=cartoes-de-visita-verniz-localizado","title":{"rendered":"CART\u00d5ES (verniz localizado)"},"content":{"rendered":"<p>Cart\u00e3o de Visita &#8211; 48x88mm em Couch\u00e9 Fosco 300g &#8211; 4&#215;4 (colorido frente e verso) &#8211; Lamina\u00e7\u00e3o Fosca e Verniz Localizado Frente e Verso<\/p>\n<p>1.000 unidades &#8211; R$ 279,00<br \/>\n2.000 unidades &#8211; R$ 498,00<br \/>\n1.000 unidades (cantos arredondados) &#8211; R$ 314,00<br \/>\n2.000 unidades (cantos arredondados) &#8211; R$ 568,00<\/p>\n<p>Produ\u00e7\u00e3o: De 4 a 6 dias \u00fateis<br \/>\n*Valores n\u00e3o incluem servi\u00e7os de arte final.<\/p>\n<p><a href=\"http:\/\/palmascriativa.com\/wp-content\/uploads\/2021\/03\/cartoes-de-visita-verniz-localizado-5x9cm-couche-300g-laminacao-fosca-verniz-localizado-f-v-corte-reto-4x4-cores-colorido-f-v-laminacao-fosca-verniz-localizado-f-v-7145.zip\"><span style=\"color: #ff0000;\">BAIXE O GABARITO<\/span><\/a><\/p>\n<p>C\u00f3d.<br \/>\n1.000 unidades: 117<br \/>\n2.000 unidades: 118<\/p>\n","protected":false},"excerpt":{"rendered":"<p>Cart\u00e3o de Visita &#8211; 48x88mm em Couch\u00e9 Fosco 300g &#8211; 4&#215;4 (colorido frente e verso) &#8211; Lamina\u00e7\u00e3o Fosca e Verniz Localizado Frente e Verso<\/p>\n<p>1.000 unidades &#8211; R$ 279,00<br \/>\n2.000 unidades &#8211; R$ 498,00<br \/>\n1.000 unidades (cantos arredondados) &#8211; R$ 314,00<br \/>\n2.000 unidades (cantos arredondados) &#8211; R$ 568,00<\/p>\n<p>Produ\u00e7\u00e3o: De 4 a 7 dias \u00fateis<br \/>\n*Valores n\u00e3o incluem servi\u00e7os de arte final.<\/p>\n<p>&nbsp;<\/p>\n<p>&nbsp;<\/p>\n","protected":false},"featured_media":2384,"template":"","meta":[],"product_brand":[],"product_cat":[21],"product_tag":[],"class_list":{"0":"post-2307","1":"product","2":"type-product","3":"status-publish","4":"has-post-thumbnail","6":"product_cat-cartoes","8":"first","9":"instock","10":"sold-individually","11":"purchasable","12":"product-type-variable"},"_links":{"self":[{"href":"https:\/\/palmascriativa.com\/index.php?rest_route=\/wp\/v2\/product\/2307","targetHints":{"allow":["GET"]}}],"collection":[{"href":"https:\/\/palmascriativa.com\/index.php?rest_route=\/wp\/v2\/product"}],"about":[{"href":"https:\/\/palmascriativa.com\/index.php?rest_route=\/wp\/v2\/types\/product"}],"version-history":[{"count":13,"href":"https:\/\/palmascriativa.com\/index.php?rest_route=\/wp\/v2\/product\/2307\/revisions"}],"predecessor-version":[{"id":3875,"href":"https:\/\/palmascriativa.com\/index.php?rest_route=\/wp\/v2\/product\/2307\/revisions\/3875"}],"wp:featuredmedia":[{"embeddable":true,"href":"https:\/\/palmascriativa.com\/index.php?rest_route=\/wp\/v2\/media\/2384"}],"wp:attachment":[{"href":"https:\/\/palmascriativa.com\/index.php?rest_route=%2Fwp%2Fv2%2Fmedia&parent=2307"}],"wp:term":[{"taxonomy":"product_brand","embeddable":true,"href":"https:\/\/palmascriativa.com\/index.php?rest_route=%2Fwp%2Fv2%2Fproduct_brand&post=2307"},{"taxonomy":"product_cat","embeddable":true,"href":"https:\/\/palmascriativa.com\/index.php?rest_route=%2Fwp%2Fv2%2Fproduct_cat&post=2307"},{"taxonomy":"product_tag","embeddable":true,"href":"https:\/\/palmascriativa.com\/index.php?rest_route=%2Fwp%2Fv2%2Fproduct_tag&post=2307"}],"curies":[{"name":"wp","href":"https:\/\/api.w.org\/{rel}","templated":true}]}}