{"id":2549,"date":"2021-04-16T11:50:14","date_gmt":"2021-04-16T11:50:14","guid":{"rendered":"http:\/\/palmascriativa.com\/?post_type=product&#038;p=2549"},"modified":"2026-03-12T13:53:15","modified_gmt":"2026-03-12T13:53:15","slug":"cardapio-plastificado","status":"publish","type":"product","link":"https:\/\/palmascriativa.com\/?product=cardapio-plastificado","title":{"rendered":"CARD\u00c1PIO PLASTIFICADO"},"content":{"rendered":"<p><img fetchpriority=\"high\" decoding=\"async\" class=\"alignnone size-medium wp-image-3909\" src=\"http:\/\/palmascriativa.com\/wp-content\/uploads\/2021\/04\/37_zg2egsvw0ch0jr0gfeg2w-300x300.jpg\" alt=\"\" width=\"300\" height=\"300\" srcset=\"https:\/\/palmascriativa.com\/wp-content\/uploads\/2021\/04\/37_zg2egsvw0ch0jr0gfeg2w-300x300.jpg 300w, https:\/\/palmascriativa.com\/wp-content\/uploads\/2021\/04\/37_zg2egsvw0ch0jr0gfeg2w-150x150.jpg 150w, https:\/\/palmascriativa.com\/wp-content\/uploads\/2021\/04\/37_zg2egsvw0ch0jr0gfeg2w-450x450.jpg 450w, https:\/\/palmascriativa.com\/wp-content\/uploads\/2021\/04\/37_zg2egsvw0ch0jr0gfeg2w-100x100.jpg 100w, https:\/\/palmascriativa.com\/wp-content\/uploads\/2021\/04\/37_zg2egsvw0ch0jr0gfeg2w-116x116.jpg 116w, https:\/\/palmascriativa.com\/wp-content\/uploads\/2021\/04\/37_zg2egsvw0ch0jr0gfeg2w-64x64.jpg 64w, https:\/\/palmascriativa.com\/wp-content\/uploads\/2021\/04\/37_zg2egsvw0ch0jr0gfeg2w.jpg 700w\" sizes=\"(max-width: 300px) 100vw, 300px\" \/><\/p>\n<p>Quantidade m\u00edmima de <span style=\"color: #ff0000;\"><strong>5 UNIDADES<\/strong><\/span><br \/>\nFormato: A4<br \/>\nCores: 4&#215;4 cores (colorido frente e verso)<br \/>\nMaterial: Couch\u00ea 250g<br \/>\nAcabamento: Plastifica\u00e7\u00e3o em polaseal 0.10<\/p>\n<p>A4 : R$ 24,00 cada<br \/>\nA3: R$ 38,00 cada<\/p>\n<p>*Valor n\u00e3o inclui servi\u00e7o de arte<br \/>\n*Produ\u00e7\u00e3o: 1 a 2 dias \u00fateis<\/p>\n<p>C\u00f3d. Interno: 212<\/p>\n","protected":false},"excerpt":{"rendered":"<p>Quantidade m\u00edmima de <span style=\"color: #ff0000;\"><strong>5 UNIDADES<\/strong><\/span><br \/>\nFormato: A4<br \/>\nCores: 4&#215;4 cores (colorido frente e verso)<br \/>\nMaterial: Couch\u00ea 250g<br \/>\nAcabamento: Plastifica\u00e7\u00e3o em polaseal 0.10<\/p>\n<p>A4 : R$ 24,00 cada<br \/>\nA3: R$ 38,00 cada<\/p>\n<p>*Valor n\u00e3o inclui servi\u00e7o de arte<\/p>\n","protected":false},"featured_media":3909,"template":"","meta":[],"product_brand":[],"product_cat":[25],"product_tag":[],"class_list":{"0":"post-2549","1":"product","2":"type-product","3":"status-publish","4":"has-post-thumbnail","6":"product_cat-cardapio","8":"first","9":"instock","10":"taxable","11":"shipping-taxable","12":"purchasable","13":"product-type-variable"},"_links":{"self":[{"href":"https:\/\/palmascriativa.com\/index.php?rest_route=\/wp\/v2\/product\/2549","targetHints":{"allow":["GET"]}}],"collection":[{"href":"https:\/\/palmascriativa.com\/index.php?rest_route=\/wp\/v2\/product"}],"about":[{"href":"https:\/\/palmascriativa.com\/index.php?rest_route=\/wp\/v2\/types\/product"}],"version-history":[{"count":8,"href":"https:\/\/palmascriativa.com\/index.php?rest_route=\/wp\/v2\/product\/2549\/revisions"}],"predecessor-version":[{"id":3910,"href":"https:\/\/palmascriativa.com\/index.php?rest_route=\/wp\/v2\/product\/2549\/revisions\/3910"}],"wp:featuredmedia":[{"embeddable":true,"href":"https:\/\/palmascriativa.com\/index.php?rest_route=\/wp\/v2\/media\/3909"}],"wp:attachment":[{"href":"https:\/\/palmascriativa.com\/index.php?rest_route=%2Fwp%2Fv2%2Fmedia&parent=2549"}],"wp:term":[{"taxonomy":"product_brand","embeddable":true,"href":"https:\/\/palmascriativa.com\/index.php?rest_route=%2Fwp%2Fv2%2Fproduct_brand&post=2549"},{"taxonomy":"product_cat","embeddable":true,"href":"https:\/\/palmascriativa.com\/index.php?rest_route=%2Fwp%2Fv2%2Fproduct_cat&post=2549"},{"taxonomy":"product_tag","embeddable":true,"href":"https:\/\/palmascriativa.com\/index.php?rest_route=%2Fwp%2Fv2%2Fproduct_tag&post=2549"}],"curies":[{"name":"wp","href":"https:\/\/api.w.org\/{rel}","templated":true}]}}