{"id":2718,"date":"2021-06-22T12:16:57","date_gmt":"2021-06-22T12:16:57","guid":{"rendered":"http:\/\/palmascriativa.com\/?post_type=product&#038;p=2718"},"modified":"2026-03-12T12:54:21","modified_gmt":"2026-03-12T12:54:21","slug":"panfleto-couche-90g-10x14cm","status":"publish","type":"product","link":"https:\/\/palmascriativa.com\/?product=panfleto-couche-90g-10x14cm","title":{"rendered":"PANFLETOS (4\/0) Impress\u00e3o Frente  COUCH\u00ca 90g"},"content":{"rendered":"<p>Panfletos 10x14cm , colorido 1 lado &#8211; Couch\u00ea 90g<br \/>\n1.000 = R$ 219,00 (3 a 5 dias \u00fateis)<br \/>\n2.500 = R$ 342,00 (3 a 5 dias \u00fateis)<br \/>\n5.000 = R$ 554,00 (3 a 5 dias \u00fateis)<br \/>\n10.000 = R$ 989,00 (6 a 10 dias \u00fateis)<\/p>\n<p>Panfletos 14&#215;20 cm &#8211; colorido 1 lado &#8211; Couch\u00ea 90g<br \/>\n1.000 = R$ 378,00 (3 a 5 dias \u00fateis)<br \/>\n2.500 = R$ 568,00 (3 a 5 dias \u00fateis)<br \/>\n5.000 = R$ 996,00 (3 a 5 dias \u00fateis)<br \/>\n10.000 = R$ 1.999,00 (6 a 10 dias \u00fateis)<\/p>\n<p>Panfletos 20&#215;28 cm &#8211; colorido 1 lado &#8211; Couch\u00ea 90g<br \/>\n1.000 = R$ 780,00 (3 a 5 dias \u00fateis)<br \/>\n2.500 = R$ 1.270,00 (3 a 5 dias \u00fateis)<br \/>\n5.000 = R$ 2.290,00 (3 a 5 dias \u00fateis)<br \/>\n10.000 = R$ 4.182,00 (6 a 10 dias \u00fateis)<\/p>\n<p>Obs.: para prazos de urg\u00eancia consultar!<\/p>\n<p><strong>* Arte n\u00e3o inclusa no valor do produto!<\/strong><br \/>\n<strong>*Para servi\u00e7o de arte final, entrar em contato: (63) 3215-5948<\/strong><\/p>\n<p>C\u00f3d. Interno: 10x14cm<br \/>\n1.000 unidades: 242<br \/>\n2.500 unidades: 243<br \/>\n5.000 unidades: 244<br \/>\n10.000 unidades: 245<\/p>\n<p>C\u00f3d. Interno: 14x20cm<br \/>\n1.000 unidades: 246<br \/>\n2.500 unidades: 247<br \/>\n5.000 unidades: 248<br \/>\n10.000 unidades: 249<\/p>\n<p>C\u00f3d. Interno: 20x28cm<br \/>\n1.000 unidades: 250<br \/>\n2.500 unidades: 251<br \/>\n5.000 unidades: 252<br \/>\n10.000 unidades: 253<\/p>\n","protected":false},"excerpt":{"rendered":"<p>Tamanho: escolher<br \/>\nImpress\u00e3o Frente (1 lado)<br \/>\nPapel couch\u00ea 90g<\/p>\n<p>Produ\u00e7\u00e3o: De 5 a 10 dias \u00fateis<\/p>\n","protected":false},"featured_media":2719,"template":"","meta":[],"product_brand":[],"product_cat":[31],"product_tag":[],"class_list":{"0":"post-2718","1":"product","2":"type-product","3":"status-publish","4":"has-post-thumbnail","6":"product_cat-panfletos-e-flyers","8":"first","9":"instock","10":"taxable","11":"shipping-taxable","12":"purchasable","13":"product-type-variable","14":"has-default-attributes"},"_links":{"self":[{"href":"https:\/\/palmascriativa.com\/index.php?rest_route=\/wp\/v2\/product\/2718","targetHints":{"allow":["GET"]}}],"collection":[{"href":"https:\/\/palmascriativa.com\/index.php?rest_route=\/wp\/v2\/product"}],"about":[{"href":"https:\/\/palmascriativa.com\/index.php?rest_route=\/wp\/v2\/types\/product"}],"version-history":[{"count":21,"href":"https:\/\/palmascriativa.com\/index.php?rest_route=\/wp\/v2\/product\/2718\/revisions"}],"predecessor-version":[{"id":3878,"href":"https:\/\/palmascriativa.com\/index.php?rest_route=\/wp\/v2\/product\/2718\/revisions\/3878"}],"wp:featuredmedia":[{"embeddable":true,"href":"https:\/\/palmascriativa.com\/index.php?rest_route=\/wp\/v2\/media\/2719"}],"wp:attachment":[{"href":"https:\/\/palmascriativa.com\/index.php?rest_route=%2Fwp%2Fv2%2Fmedia&parent=2718"}],"wp:term":[{"taxonomy":"product_brand","embeddable":true,"href":"https:\/\/palmascriativa.com\/index.php?rest_route=%2Fwp%2Fv2%2Fproduct_brand&post=2718"},{"taxonomy":"product_cat","embeddable":true,"href":"https:\/\/palmascriativa.com\/index.php?rest_route=%2Fwp%2Fv2%2Fproduct_cat&post=2718"},{"taxonomy":"product_tag","embeddable":true,"href":"https:\/\/palmascriativa.com\/index.php?rest_route=%2Fwp%2Fv2%2Fproduct_tag&post=2718"}],"curies":[{"name":"wp","href":"https:\/\/api.w.org\/{rel}","templated":true}]}}