{"id":2836,"date":"2021-06-30T13:21:41","date_gmt":"2021-06-30T13:21:41","guid":{"rendered":"http:\/\/palmascriativa.com\/?post_type=product&#038;p=2836"},"modified":"2026-03-12T19:08:49","modified_gmt":"2026-03-12T19:08:49","slug":"blocos-de-receituarios-a5-147x21cm","status":"publish","type":"product","link":"https:\/\/palmascriativa.com\/?product=blocos-de-receituarios-a5-147x21cm","title":{"rendered":"BLOCOS DE RECEITU\u00c1RIOS A5 14,8x21cm"},"content":{"rendered":"<p><strong>RECEITU\u00c1RIOS 50&#215;1 via<\/strong>, impress\u00e3o COLORIDA em papel AP 90g, tamanho 14,8x21cm<br \/>\n6 Blocos \u2013 <strong>R$ 366,00<\/strong> (R$ 61,00 cada)<br \/>\n10 Blocos \u2013 <strong>R$ 590,00<\/strong> (R$ 59,00 cada)<br \/>\n20 Blocos &#8211; <strong>R$ 690,00 <\/strong>R$ 34,50 cada)<br \/>\n30 Blocos \u2013 <strong>R$ 780,00<\/strong> (R$ 26,00 cada)<br \/>\n40 Blocos \u2013 <strong>R$ 960,00<\/strong> (R$ 24,00 cada)<br \/>\n50 Blocos &#8211; <strong>R$1.100,00<\/strong> (R$ 22,00 cada)<\/p>\n<p><span style=\"color: #008000;\"><strong>(Opcional) Numera\u00e7\u00e3o: R$ 45,00<\/strong><\/span><br \/>\n<span style=\"color: #008000;\"><strong>(Opcional) Serrilha e grampo: R$ 100,0\u00a0<\/strong><\/span><\/p>\n<p>&nbsp;<\/p>\n<p>Prazo de produ\u00e7\u00e3o de 2 a 4 dias \u00fateis.<\/p>\n<p>* N\u00e3o est\u00e1 incluso cria\u00e7\u00e3o da arte. Valores de cria\u00e7\u00e3o de arte \u00e9 cobrado separadamente de acordo com o tempo de servi\u00e7o de arte final. Textos e corre\u00e7\u00f5es gramaticais s\u00e3o de completa responsabilidade do cliente.<\/p>\n<p>Cod. Interno:<br \/>\n6 blocos: 267<br \/>\n10 blocos: 268<br \/>\n20 blocos: 269<br \/>\n30 blocos: 270<br \/>\n40 blocos: 271<br \/>\n50 blocos: 272<\/p>\n","protected":false},"excerpt":{"rendered":"<p><strong>RECEITU\u00c1RIOS 50&#215;1 via<\/strong>, impress\u00e3o COLORIDA em papel AP 90g, tamanho 14,8x21cm<br \/>\n6 Blocos \u2013 <strong>R$ 366,00<\/strong> (R$ 61,00 cada)<br \/>\n10 Blocos \u2013 <strong>R$ 590,00<\/strong> (R$ 59,00 cada)<br \/>\n20 Blocos &#8211; <strong>R$ 690,00 <\/strong>R$ 34,50 cada)<br \/>\n30 Blocos \u2013 <strong>R$ 780,00<\/strong> (R$ 26,00 cada)<br \/>\n40 Blocos \u2013 <strong>R$ 960,00<\/strong> (R$ 24,00 cada)<br \/>\n50 Blocos &#8211; <strong>R$1.100,00<\/strong> (R$ 22,00 cada)<\/p>\n<p><span style=\"color: #008000;\"><strong>(Opcional) Numera\u00e7\u00e3o: R$ 45,00<\/strong><\/span><br \/>\n<span style=\"color: #008000;\"><strong>(Opcional) Serrilha e grampo: R$ 100,0\u00a0<\/strong><\/span><\/p>\n","protected":false},"featured_media":3638,"template":"","meta":[],"product_brand":[],"product_cat":[32],"product_tag":[],"class_list":{"0":"post-2836","1":"product","2":"type-product","3":"status-publish","4":"has-post-thumbnail","6":"product_cat-receituarios-em-blocos","8":"first","9":"instock","10":"taxable","11":"shipping-taxable","12":"purchasable","13":"product-type-variable"},"_links":{"self":[{"href":"https:\/\/palmascriativa.com\/index.php?rest_route=\/wp\/v2\/product\/2836","targetHints":{"allow":["GET"]}}],"collection":[{"href":"https:\/\/palmascriativa.com\/index.php?rest_route=\/wp\/v2\/product"}],"about":[{"href":"https:\/\/palmascriativa.com\/index.php?rest_route=\/wp\/v2\/types\/product"}],"version-history":[{"count":9,"href":"https:\/\/palmascriativa.com\/index.php?rest_route=\/wp\/v2\/product\/2836\/revisions"}],"predecessor-version":[{"id":3923,"href":"https:\/\/palmascriativa.com\/index.php?rest_route=\/wp\/v2\/product\/2836\/revisions\/3923"}],"wp:featuredmedia":[{"embeddable":true,"href":"https:\/\/palmascriativa.com\/index.php?rest_route=\/wp\/v2\/media\/3638"}],"wp:attachment":[{"href":"https:\/\/palmascriativa.com\/index.php?rest_route=%2Fwp%2Fv2%2Fmedia&parent=2836"}],"wp:term":[{"taxonomy":"product_brand","embeddable":true,"href":"https:\/\/palmascriativa.com\/index.php?rest_route=%2Fwp%2Fv2%2Fproduct_brand&post=2836"},{"taxonomy":"product_cat","embeddable":true,"href":"https:\/\/palmascriativa.com\/index.php?rest_route=%2Fwp%2Fv2%2Fproduct_cat&post=2836"},{"taxonomy":"product_tag","embeddable":true,"href":"https:\/\/palmascriativa.com\/index.php?rest_route=%2Fwp%2Fv2%2Fproduct_tag&post=2836"}],"curies":[{"name":"wp","href":"https:\/\/api.w.org\/{rel}","templated":true}]}}